 t(0). Let j(s) = s**3 - 27*s**2 - 36*s - 95. Let o be j(29). Let f = o - w. Is f prime?
False
Let g(j) = j**2 - 14*j - 1. Let v = 49 - 33. Is g(v) a composite number?
False
Is 83713/49 - 12/(-21) prime?
True
Suppose 2410 = 5*f + 5*c, 12*c - 7*c - 1923 = -4*f. Is f a composite number?
False
Suppose 0 = -5*n, -17*n + 20*n + 79863 = 3*q. Is q a composite number?
True
Suppose -5*z + 1829 = -4*z. Is z a prime number?
False
Let f(z) = z**3 - 12*z**2 + 12*z + 1. Let q be f(11). Suppose 0 = 4*a - 0*a + q. Is 0 + -3 - (-19 + a) a prime number?
True
Let n be (4 - (-2 - -4)) + 9. Suppose -4*i + 5*i = n. Suppose 7*b - i*b = -1516. Is b prime?
True
Let i(f) = -23*f + 4. Let c = 29 + -40. Is i(c) prime?
True
Suppose -3*m + 16153 = 3*i - i, -40320 = -5*i + 5*m. Is i prime?
True
Let j(n) = -n**2 + 16735. Is j(0) a composite number?
True
Suppose 2*l = -l + 18. Let p(x) = x**3 + 8*x**2 - 8*x + 9. Let c be p(-9). Suppose i - 425 = 3*n - l*n, c = 3*i + 2*n - 1261. Is i a prime number?
True
Let a be -2*(1/2 - 1). Let f be 15 + (-1 - -1)/a. Suppose 0 = g - j + 3*j - 123, 5*j = -f. Is g a prime number?
False
Let k be (-270 + (0 - 1))*(-13)/13. Let l = -126 + k. Is l composite?
True
Let i = 19 + 221. Suppose -6*z - i = -10*z. Let f = z + -29. Is f composite?
False
Let n = -4304 - -6118. Suppose j - 3*j = -5*a - 1814, -2*j = 5*a - n. Is j prime?
True
Let i be -5*((-458)/10 - 12/(-4)). Suppose 0 = -2*s - 0*v - 4*v + i, -3*s = -4*v - 271. Is s composite?
False
Let q be 20 - 17 - (0 + 1 + -1). Let y(k) = 16*k**3 - 3*k**2 + k + 3. Let z(n) = 15*n**3 - 3*n**2 + 3. Let p(t) = 3*y(t) - 2*z(t). Is p(q) a composite number?
True
Suppose -3*v = -6, -5*h + h + 2472 = -4*v. Let c = h + -215. Is c/2 - 4/(-8) a prime number?
False
Let u(p) = 7 - 5*p + 16 + 20*p. Is u(16) a composite number?
False
Let k be 1 + 0/(-3) + 44. Let o = -24 + k. Suppose 189 = 3*p - 3*u, -p - 5*u + 12 = -o. Is p prime?
False
Suppose 5*c + 889 = i, 112 = 5*c - 2*i + 1000. Let a be (-4)/(14/4 - 3). Is (c/a)/(1/4) a prime number?
True
Suppose -5*z - 4*d = -53319, 0 = -9*z + 5*z + 3*d + 42649. Is z composite?
False
Suppose -2*s - 3*s + 1285 = 5*u, -4*s - 1294 = -5*u. Let j(k) = -u*k + 6 - 12 + 7. Is j(-1) composite?
True
Let v(t) = -t**2 - 13*t - 31. Let w be v(-10). Is ((-1)/2)/(w/502) prime?
True
Let k be (-6)/9*-1*1179/(-6). Suppose -8*n + 4*n = -a + 2042, 2*a = 4*n + 2044. Let i = k - n. Is i prime?
True
Suppose -4*b - 2*j + 6732 = 0, -2*j + 7*j - 5063 = -3*b. Is b a prime number?
False
Let i(l) = -329*l - 21. Suppose 0 = -5*r - u - 37, -5*u = 5*r + 22 + 3. Is i(r) composite?
True
Let t = -19481 + 46370. Is t a composite number?
True
Is -2 + (0 - -4) + (-3352)/(-2) a prime number?
False
Suppose 4*z - 20 = -0*z - 5*i, -2*i = -3*z + 15. Suppose 5*t - z*s + 10 = 0, 2*t + 3*t = -5*s + 10. Is -373*(t + -1) + -2 composite?
True
Suppose 0 = 14*h - 154631 - 21783. Is h prime?
True
Let y(u) = u**3 - 2*u**2 + u. Let s be y(1). Suppose -5*c + 13930 = 5*i, 2*c + 5*i - 5563 = -s*c. Is c a composite number?
False
Suppose r + r - 4*h = 7108, 0 = 5*r - 5*h - 17755. Suppose 6*u = 10*u - r. Is u prime?
True
Let a = -22724 - -44469. Is a prime?
False
Suppose -4 = -7*c + 10. Suppose 3*w = 2*j + c*w - 5865, -3*w = j - 2922. Suppose -2*q = 5*o + 2*q - j, o - 4*q - 567 = 0. Is o prime?
False
Let s(r) = -610*r**3 - 6*r**2 - 9*r - 3. Is s(-2) prime?
True
Suppose -10131 = -20*r + 9*r. Is r prime?
False
Suppose 4*g = 3*x - 49859, 0*x + 4*g = 5*x - 83101. Is x a composite number?
True
Let i(r) = 30*r**2 - 87*r - 11. Is i(20) a prime number?
False
Let u = 3621 - 1089. Let q = 4355 - u. Is q prime?
True
Let w = -259 + 1507. Suppose -3*t = 3*r + w, 5*t + r + 2056 = 4*r. Let i = t - -626. Is i a composite number?
True
Let z = -15 - 0. Let w = -15 - z. Suppose -3*q + 147 = -w*q. Is q a composite number?
True
Suppose 0 = 20*m - 2654 - 4446. Is m a composite number?
True
Let s(i) = -3*i**3 - 19*i - 4. Let o be s(-10). Let y = o + -1183. Is y a prime number?
True
Suppose 142689 = 3*d - 48*h + 49*h, -4*d - 4*h + 190252 = 0. Is d composite?
False
Suppose 193 = -2*r - 1. Suppose 3*p - 4*t - 497 = 0, -2*p = -p - 3*t - 159. Let y = p + r. Is y composite?
True
Suppose 6119 = 2*z + 961. Is z composite?
False
Suppose 4*r + 0 + 40 = 0. Is 32/r + 3 + (-12138)/(-15) prime?
True
Suppose 4*x + 2 = 4*n + 26, -n - 16 = -2*x. Let l(j) = j**3 + 2*j**2 - 6*j + 11. Is l(x) a prime number?
True
Let i(x) = x**3 - 6*x**2 + 3*x - 1. Let p(w) = -w**2. Let m(j) = i(j) - 3*p(j). Let f be m(2). Is (3/(-6)*-586)/f prime?
True
Suppose 0 = -53*p + 52*p + 17521. Is p a prime number?
False
Suppose -k - 10 = -3. Let h be 75/(-6)*-78*20/(-15). Is (-3)/k - h/70 composite?
False
Suppose 3*s + 1101 = -3*u, -4*s + 3*u - 1472 = 5*u. Let n be s/(-7) + (-14)/(-49). Is (3 - 2)*(n - 2) prime?
False
Let w = -21 - -29. Suppose -2*h + 26 = 4*u, -5*h = -4*u - h + w. Suppose -q = -4*y - 35, 4*q + u*y - 35 = -0*q. Is q a prime number?
False
Let l = 24405 - 15662. Is l prime?
False
Let a = 36737 + 16744. Is a a composite number?
True
Let b be (-1 - 0)/((-7)/42). Suppose -b*j + 3*j = -753. Is j a prime number?
True
Let t be 5 + (5 - (-1 + 4)). Is t + -10 + 200/2 prime?
True
Let q(x) = x**2 + 9*x. Let y be ((-36)/8)/(2/4). Let w be q(y). Suppose -4*d + 646 - 18 = w. Is d a prime number?
True
Suppose -4*b + 64654 = 2*d, -d = -b + 7205 - 39535. Is d prime?
False
Suppose -3*z - n = -13303, -4*n + 359 = z - 4068. Is z a composite number?
True
Suppose 14083 - 46576 = -3*j. Is j a composite number?
False
Let s(f) = -2*f**3 - 6*f**2 - 5*f + 7. Let u = -28 - -25. Is s(u) a prime number?
False
Let d = 10485 + 11386. Is d a prime number?
True
Let v be 126/(24/(-16) - (-3)/6). Let t = 760 + v. Is t a prime number?
False
Suppose -h - 11 = -3*h + m, 5*m + 35 = 5*h. Suppose -z + h*z = 2739. Is z composite?
True
Let z be (1/3)/(1/6). Suppose 0 = i - z*i. Suppose 3*k = -2*p + 5*k + 440, -2*k - 6 = i. Is p prime?
False
Let c = 5960 - -4374. Is c a prime number?
False
Suppose 43*k = 32*k + 478753. Is k a composite number?
True
Suppose -s - 25116 = 4*m - 221226, 0 = 4*m - s - 196106. Is m prime?
False
Suppose -m = -3*v - 1852, -2*m + 4*v + 7448 = 2*m. Is m a composite number?
False
Let i(g) = -34826*g - 19. Is i(-1) composite?
False
Is (-38876*(-24)/32)/3 prime?
True
Let o(b) = 2*b - 13. Let x be o(8). Suppose 0 = x*d - d. Suppose 4*n + 650 - 1606 = d. Is n a prime number?
True
Is (56/(-7) - -9662) + 7 a prime number?
True
Suppose -7 + 23 = -4*t. Let b(a) = -a**3 - 2*a**2 + 8*a. Let v be b(t). Is (-1 + v)*(-254)/2 a prime number?
True
Suppose -164*n + 163*n + 2957 = 0. Is n composite?
False
Let g(h) = -4*h**2 - 3*h + 3. Let w be g(2). Suppose -39 = 5*u - c, 3*c - 34 = 4*u + 5*c. Let r = u - w. Is r a composite number?
False
Let b(d) = -6*d**3 + d**2 + 3*d + 3. Let j be b(-1). Suppose -3*q = -j*q + 388. Is q composite?
False
Suppose 2*z - q - 2*q = -5, 4*z + 3*q - 17 = 0. Let m = 972 - 681. Suppose z*w = 5*w - m. Is w composite?
False
Let y(t) = t**3 - 14*t**2 + 17*t + 14. Let u = 4 - -9. Let x be y(u). Suppose -x = -10*n + 8*n. Is n a prime number?
False
Is 1*-1 + 5 + (-13734)/(-6) a prime number?
True
Suppose -2*m + 8 = -0*m. Suppose 5*a = -m*w + 58, 3*w - 2*w = 2. Is (-5)/a*-502 - -2 a prime number?
False
Let v(f) be the third derivative of 0*f - 1/6*f**3 - 9*f**2 - 5/4*f**4 + 0. Is v(-5) composite?
False
Let y(j) = j + 15. Let a be y(-14). Let c(h) = 186*h**3 - h**2. Is c(a) composite?
True
Suppose -25*h - 29279 = -48*h. Is h a composite number?
True
Let k(u) = 1620*u**2 + 4*u + 23. Is k(-3) composite?
False
Let k(z) = -8*z**2 - 5*z - 4. Let o be k(-4). Let p = 157 + o. Let t = p + 158. Is t composite?
True
Let k = -10 + 2. Let v be 6*12/9 + (-12)/(-4). Let z = v - k. Is z prime?
True
Let l(c) = c**3 + 11*c**2 - 13*c - 9. Let n be l(-12). Suppose 0 = -4*a - z - z + 2788, 697 = a + n*z. Is a a prime number?
False
Suppose -4*d + 20 = 12. Is (1 - 0)/(d/2942 - 0) a composite number?
False
Suppose -3*d - 2*s - 268 = -8*d, -s - 264 = -5*d. Suppose -3*c = -7*c + d. Is c composite?
False
Let t = 34193 - 23826. Is t a composite number?
True
Let d = -6214 + 27591. Is d a prime number?
True
Let o = 10 - 26. Let f be ((-2)/(-3))/(o/(-1272)). Let j = 104 - f. Is j composite?
True
Let u = 22 + -23. Is 200/(u - -5) + 